[INFO] cloning repository https://github.com/Rootlou/CHIP-8
[INFO] running `Command { std: "git" "-c" "credential.helper=" "-c" "credential.helper=/workspace/cargo-home/bin/git-credential-null" "clone" "--bare" "https://github.com/Rootlou/CHIP-8" "/workspace/cache/git-repos/https%3A%2F%2Fgithub.com%2FRootlou%2FCHIP-8", kill_on_drop: false }`
[INFO] [stderr] Cloning into bare repository '/workspace/cache/git-repos/https%3A%2F%2Fgithub.com%2FRootlou%2FCHIP-8'...
[INFO] running `Command { std: "git" "rev-parse" "HEAD", kill_on_drop: false }`
[INFO] [stdout] 28435f4d6240926e24c1550a1d062443df695d72
[INFO] building Rootlou/CHIP-8 against master#ff34b919075f35a1787659e9c448a34b06bab8de for issue-85264
[INFO] running `Command { std: "git" "clone" "/workspace/cache/git-repos/https%3A%2F%2Fgithub.com%2FRootlou%2FCHIP-8" "/workspace/builds/worker-1/source", kill_on_drop: false }`
[INFO] [stderr] Cloning into '/workspace/builds/worker-1/source'...
[INFO] [stderr] done.
[INFO] validating manifest of git repo https://github.com/Rootlou/CHIP-8 on toolchain ff34b919075f35a1787659e9c448a34b06bab8de
[INFO] running `Command { std: "/workspace/cargo-home/bin/cargo" "+ff34b919075f35a1787659e9c448a34b06bab8de" "metadata" "--manifest-path" "Cargo.toml" "--no-deps", kill_on_drop: false }`
[INFO] started tweaking git repo https://github.com/Rootlou/CHIP-8
[INFO] finished tweaking git repo https://github.com/Rootlou/CHIP-8
[INFO] tweaked toml for git repo https://github.com/Rootlou/CHIP-8 written to /workspace/builds/worker-1/source/Cargo.toml
[INFO] crate git repo https://github.com/Rootlou/CHIP-8 already has a lockfile, it will not be regenerated
[INFO] running `Command { std: "/workspace/cargo-home/bin/cargo" "+ff34b919075f35a1787659e9c448a34b06bab8de" "fetch" "--manifest-path" "Cargo.toml", kill_on_drop: false }`
[INFO] running `Command { std: "docker" "create" "-v" "/var/lib/crater-agent-workspace/builds/worker-1/target:/opt/rustwide/target:rw,Z" "-v" "/var/lib/crater-agent-workspace/builds/worker-1/source:/opt/rustwide/workdir:ro,Z" "-v" "/var/lib/crater-agent-workspace/cargo-home:/opt/rustwide/cargo-home:ro,Z" "-v" "/var/lib/crater-agent-workspace/rustup-home:/opt/rustwide/rustup-home:ro,Z" "-e" "SOURCE_DIR=/opt/rustwide/workdir" "-e" "CARGO_TARGET_DIR=/opt/rustwide/target" "-e" "CARGO_HOME=/opt/rustwide/cargo-home" "-e" "RUSTUP_HOME=/opt/rustwide/rustup-home" "-w" "/opt/rustwide/workdir" "-m" "1610612736" "--user" "0:0" "--network" "none" "ghcr.io/rust-lang/crates-build-env/linux@sha256:20528e8c29e4536546f0102ce88568b16ea7538393a33fcca951030f7af10457" "/opt/rustwide/cargo-home/bin/cargo" "+ff34b919075f35a1787659e9c448a34b06bab8de" "metadata" "--no-deps" "--format-version=1", kill_on_drop: false }`
[INFO] [stdout] 555b33f2d631f01b16a2d72130d5104575fd6d3971dee889dc1534e1a06882d6
[INFO] [stderr] WARNING: Your kernel does not support swap limit capabilities or the cgroup is not mounted. Memory limited without swap.
[INFO] running `Command { std: "docker" "start" "-a" "555b33f2d631f01b16a2d72130d5104575fd6d3971dee889dc1534e1a06882d6", kill_on_drop: false }`
[INFO] running `Command { std: "docker" "inspect" "555b33f2d631f01b16a2d72130d5104575fd6d3971dee889dc1534e1a06882d6", kill_on_drop: false }`
[INFO] running `Command { std: "docker" "rm" "-f" "555b33f2d631f01b16a2d72130d5104575fd6d3971dee889dc1534e1a06882d6", kill_on_drop: false }`
[INFO] [stdout] 555b33f2d631f01b16a2d72130d5104575fd6d3971dee889dc1534e1a06882d6
[INFO] running `Command { std: "docker" "create" "-v" "/var/lib/crater-agent-workspace/builds/worker-1/target:/opt/rustwide/target:rw,Z" "-v" "/var/lib/crater-agent-workspace/builds/worker-1/source:/opt/rustwide/workdir:ro,Z" "-v" "/var/lib/crater-agent-workspace/cargo-home:/opt/rustwide/cargo-home:ro,Z" "-v" "/var/lib/crater-agent-workspace/rustup-home:/opt/rustwide/rustup-home:ro,Z" "-e" "SOURCE_DIR=/opt/rustwide/workdir" "-e" "CARGO_TARGET_DIR=/opt/rustwide/target" "-e" "CARGO_INCREMENTAL=0" "-e" "RUST_BACKTRACE=full" "-e" "RUSTFLAGS=--cap-lints=forbid" "-e" "CARGO_HOME=/opt/rustwide/cargo-home" "-e" "RUSTUP_HOME=/opt/rustwide/rustup-home" "-w" "/opt/rustwide/workdir" "-m" "1610612736" "--user" "0:0" "--network" "none" "ghcr.io/rust-lang/crates-build-env/linux@sha256:20528e8c29e4536546f0102ce88568b16ea7538393a33fcca951030f7af10457" "/opt/rustwide/cargo-home/bin/cargo" "+ff34b919075f35a1787659e9c448a34b06bab8de" "build" "--frozen" "--message-format=json", kill_on_drop: false }`
[INFO] [stderr] WARNING: Your kernel does not support swap limit capabilities or the cgroup is not mounted. Memory limited without swap.
[INFO] [stdout] 64ec4123496bc62cd5e93087723e86488940c9fd29c88f92628a50545d30bd4b
[INFO] running `Command { std: "docker" "start" "-a" "64ec4123496bc62cd5e93087723e86488940c9fd29c88f92628a50545d30bd4b", kill_on_drop: false }`
[INFO] [stderr]     Blocking waiting for file lock on package cache
[INFO] [stderr]    Compiling libc v0.2.88
[INFO] [stderr]    Compiling xml-rs v0.8.3
[INFO] [stderr]    Compiling lazy_static v1.4.0
[INFO] [stderr]    Compiling bitflags v1.2.1
[INFO] [stderr]    Compiling pkg-config v0.3.19
[INFO] [stderr]    Compiling scopeguard v1.1.0
[INFO] [stderr]    Compiling smallvec v1.6.1
[INFO] [stderr]    Compiling cfg-if v0.1.10
[INFO] [stderr]    Compiling piston-float v1.0.0
[INFO] [stderr]    Compiling version_check v0.9.2
[INFO] [stderr]    Compiling syn v1.0.64
[INFO] [stderr]    Compiling maybe-uninit v2.0.0
[INFO] [stderr]    Compiling serde v1.0.124
[INFO] [stderr]    Compiling serde_derive v1.0.124
[INFO] [stderr]    Compiling same-file v1.0.6
[INFO] [stderr]    Compiling piston-graphics_api_version v1.0.0
[INFO] [stderr]    Compiling slab v0.4.2
[INFO] [stderr]    Compiling xdg v2.2.0
[INFO] [stderr]    Compiling percent-encoding v2.1.0
[INFO] [stderr]    Compiling scoped_threadpool v0.1.9
[INFO] [stderr]    Compiling piston-texture v0.8.0
[INFO] [stderr]    Compiling interpolation v0.2.0
[INFO] [stderr]    Compiling read_color v1.0.0
[INFO] [stderr]    Compiling fnv v1.0.7
[INFO] [stderr]    Compiling piston-shaders_graphics2d v0.4.0
[INFO] [stderr]    Compiling libloading v0.7.0
[INFO] [stderr]    Compiling libloading v0.6.7
[INFO] [stderr]    Compiling instant v0.1.9
[INFO] [stderr]    Compiling crossbeam-utils v0.8.3
[INFO] [stderr]    Compiling memoffset v0.6.1
[INFO] [stderr]    Compiling num-traits v0.2.14
[INFO] [stderr]    Compiling num-integer v0.1.44
[INFO] [stderr]    Compiling rayon v1.5.0
[INFO] [stderr]    Compiling miniz_oxide v0.4.4
[INFO] [stderr]    Compiling num-iter v0.1.42
[INFO] [stderr]    Compiling num-rational v0.3.2
[INFO] [stderr]    Compiling gif v0.11.1
[INFO] [stderr]    Compiling lock_api v0.4.2
[INFO] [stderr]    Compiling piston-viewport v1.0.0
[INFO] [stderr]    Compiling vecmath v1.0.0
[INFO] [stderr]    Compiling shader_version v0.7.0
[INFO] [stderr]    Compiling crc32fast v1.2.1
[INFO] [stderr]    Compiling dlib v0.5.0
[INFO] [stderr]    Compiling walkdir v2.3.1
[INFO] [stderr]    Compiling dlib v0.4.2
[INFO] [stderr]    Compiling piston2d-graphics v0.39.0
[INFO] [stderr]    Compiling nom v6.1.2
[INFO] [stderr]    Compiling wayland-scanner v0.28.5
[INFO] [stderr]    Compiling gl_generator v0.14.0
[INFO] [stderr]    Compiling gl_generator v0.13.1
[INFO] [stderr]    Compiling andrew v0.3.1
[INFO] [stderr]    Compiling png v0.16.8
[INFO] [stderr]    Compiling wayland-sys v0.28.5
[INFO] [stderr]    Compiling x11-dl v2.18.5
[INFO] [stderr]    Compiling crossbeam-epoch v0.9.3
[INFO] [stderr]    Compiling crossbeam-channel v0.5.0
[INFO] [stderr]    Compiling crossbeam-deque v0.8.0
[INFO] [stderr]    Compiling glutin_egl_sys v0.1.5
[INFO] [stderr]    Compiling glutin_glx_sys v0.1.7
[INFO] [stderr]    Compiling gl v0.13.0
[INFO] [stderr]    Compiling wayland-client v0.28.5
[INFO] [stderr]    Compiling wayland-protocols v0.28.5
[INFO] [stderr]    Compiling nix v0.20.0
[INFO] [stderr]    Compiling num_cpus v1.13.0
[INFO] [stderr]    Compiling nix v0.18.0
[INFO] [stderr]    Compiling net2 v0.2.37
[INFO] [stderr]    Compiling iovec v0.1.4
[INFO] [stderr]    Compiling memmap2 v0.1.0
[INFO] [stderr]    Compiling parking_lot_core v0.8.3
[INFO] [stderr]    Compiling raw-window-handle v0.3.3
[INFO] [stderr]    Compiling shared_library v0.1.9
[INFO] [stderr]    Compiling osmesa-sys v0.1.2
[INFO] [stderr]    Compiling rayon-core v1.9.0
[INFO] [stderr]    Compiling parking_lot v0.11.1
[INFO] [stderr]    Compiling mio v0.6.23
[INFO] [stderr]    Compiling xcursor v0.3.3
[INFO] [stderr]    Compiling mio-extras v2.0.6
[INFO] [stderr]    Compiling jpeg-decoder v0.1.22
[INFO] [stderr]    Compiling tiff v0.6.1
[INFO] [stderr]    Compiling wayland-commons v0.28.5
[INFO] [stderr]    Compiling calloop v0.6.5
[INFO] [stderr]    Compiling image v0.23.14
[INFO] [stderr]    Compiling wayland-cursor v0.28.5
[INFO] [stderr]    Compiling wayland-egl v0.28.5
[INFO] [stderr]    Compiling pistoncore-input v1.0.0
[INFO] [stderr]    Compiling piston2d-opengl_graphics v0.77.0
[INFO] [stderr]    Compiling smithay-client-toolkit v0.12.3
[INFO] [stderr]    Compiling pistoncore-window v0.47.0
[INFO] [stderr]    Compiling pistoncore-event_loop v0.52.0
[INFO] [stderr]    Compiling piston v0.52.1
[INFO] [stderr]    Compiling winit v0.24.0
[INFO] [stderr]    Compiling glutin v0.26.0
[INFO] [stderr]    Compiling pistoncore-glutin_window v0.68.2
[INFO] [stderr]    Compiling CHIP8 v0.1.0 (/opt/rustwide/workdir)
[INFO] [stdout] warning: unused import: `UpdateArgs`
[INFO] [stdout]  --> src/Drivers/display.rs:9:46
[INFO] [stdout]   |
[INFO] [stdout] 9 | use piston::input::{RenderArgs, RenderEvent, UpdateArgs, UpdateEvent};
[INFO] [stdout]   |                                              ^^^^^^^^^^
[INFO] [stdout]   |
[INFO] [stdout]   = note: `#[warn(unused_imports)]` on by default
[INFO] [stdout] 
[INFO] [stdout] 
[INFO] [stdout] warning: unused import: `UpdateArgs`
[INFO] [stdout]  --> src/Interpreter/../Drivers/display.rs:9:46
[INFO] [stdout]   |
[INFO] [stdout] 9 | use piston::input::{RenderArgs, RenderEvent, UpdateArgs, UpdateEvent};
[INFO] [stdout]   |                                              ^^^^^^^^^^
[INFO] [stdout] 
[INFO] [stdout] 
[INFO] [stdout] error[E0308]: mismatched types
[INFO] [stdout]   --> src/Drivers/display.rs:92:30
[INFO] [stdout]    |
[INFO] [stdout] 92 |             current_fbuffer: framebuffer
[INFO] [stdout]    |                              ^^^^^^^^^^^
[INFO] [stdout]    |                              |
[INFO] [stdout]    |                              expected array `[[u8; 64]; 32]`, found struct `Box`
[INFO] [stdout]    |                              help: consider dereferencing the type: `*framebuffer`
[INFO] [stdout]    |
[INFO] [stdout]    = note: expected array `[[u8; 64]; 32]`
[INFO] [stdout]              found struct `Box<[[u8; 64]; 32]>`
[INFO] [stdout] 
[INFO] [stdout] 
[INFO] [stdout] error[E0308]: mismatched types
[INFO] [stdout]    --> src/Drivers/display.rs:155:32
[INFO] [stdout]     |
[INFO] [stdout] 155 |         self.current_fbuffer = framebuffer;
[INFO] [stdout]     |                                ^^^^^^^^^^^
[INFO] [stdout]     |                                |
[INFO] [stdout]     |                                expected array `[[u8; 64]; 32]`, found struct `Box`
[INFO] [stdout]     |                                help: consider dereferencing the type: `*framebuffer`
[INFO] [stdout]     |
[INFO] [stdout]     = note: expected array `[[u8; 64]; 32]`
[INFO] [stdout]               found struct `Box<[[u8; 64]; 32]>`
[INFO] [stdout] 
[INFO] [stdout] 
[INFO] [stdout] error[E0308]: mismatched types
[INFO] [stdout]   --> src/Interpreter/../Drivers/display.rs:92:30
[INFO] [stdout]    |
[INFO] [stdout] 92 |             current_fbuffer: framebuffer
[INFO] [stdout]    |                              ^^^^^^^^^^^
[INFO] [stdout]    |                              |
[INFO] [stdout]    |                              expected array `[[u8; 64]; 32]`, found struct `Box`
[INFO] [stdout]    |                              help: consider dereferencing the type: `*framebuffer`
[INFO] [stdout]    |
[INFO] [stdout]    = note: expected array `[[u8; 64]; 32]`
[INFO] [stdout]              found struct `Box<[[u8; 64]; 32]>`
[INFO] [stdout] 
[INFO] [stdout] 
[INFO] [stdout] error[E0308]: mismatched types
[INFO] [stdout]    --> src/Interpreter/../Drivers/display.rs:155:32
[INFO] [stdout]     |
[INFO] [stdout] 155 |         self.current_fbuffer = framebuffer;
[INFO] [stdout]     |                                ^^^^^^^^^^^
[INFO] [stdout]     |                                |
[INFO] [stdout]     |                                expected array `[[u8; 64]; 32]`, found struct `Box`
[INFO] [stdout]     |                                help: consider dereferencing the type: `*framebuffer`
[INFO] [stdout]     |
[INFO] [stdout]     = note: expected array `[[u8; 64]; 32]`
[INFO] [stdout]               found struct `Box<[[u8; 64]; 32]>`
[INFO] [stdout] 
[INFO] [stdout] 
[INFO] [stdout] error: aborting due to 4 previous errors; 2 warnings emitted
[INFO] [stdout] 
[INFO] [stdout] 
[INFO] [stdout] For more information about this error, try `rustc --explain E0308`.
[INFO] [stdout] 
[INFO] [stderr] error: could not compile `CHIP8`
[INFO] [stderr] 
[INFO] [stderr] To learn more, run the command again with --verbose.
[INFO] running `Command { std: "docker" "inspect" "64ec4123496bc62cd5e93087723e86488940c9fd29c88f92628a50545d30bd4b", kill_on_drop: false }`
[INFO] running `Command { std: "docker" "rm" "-f" "64ec4123496bc62cd5e93087723e86488940c9fd29c88f92628a50545d30bd4b", kill_on_drop: false }`
[INFO] [stdout] 64ec4123496bc62cd5e93087723e86488940c9fd29c88f92628a50545d30bd4b
